t of 15125?
5
What is the units digit of 10495?
5
What is the hundreds digit of 17402?
4
What is the tens digit of 13177?
7
What is the tens digit of 28291?
9
What is the ten thousands digit of 37509?
3
What is the ten thousands digit of 19139?
1
What is the units digit of 1925?
5
What is the tens digit of 34981?
8
What is the thousands digit of 8817?
8
What is the units digit of 3128?
8
What is the units digit of 5302?
2
What is the hundreds digit of 1548?
5
What is the units digit of 1314?
4
What is the thousands digit of 15126?
5
What is the hundreds digit of 1302?
3
What is the thousands digit of 2636?
2
What is the thousands digit of 12928?
2
What is the hundreds digit of 1285?
2
What is the thousands digit of 4360?
4
What is the hundreds digit of 2145?
1
What is the tens digit of 23728?
2
What is the units digit of 764?
4
What is the hundreds digit of 46990?
9
What is the tens digit of 1729?
2
What is the thousands digit of 9789?
9
What is the hundreds digit of 8160?
1
What is the thousands digit of 82731?
2
What is the hundreds digit of 13919?
9
What is the tens digit of 62481?
8
What is the thousands digit of 15658?
5
What is the thousands digit of 118273?
8
What is the hundreds digit of 798?
7
What is the tens digit of 7155?
5
What is the hundreds digit of 1368?
3
What is the thousands digit of 6748?
6
What is the tens digit of 46248?
4
What is the units digit of 105?
5
What is the units digit of 1594?
4
What is the units digit of 77262?
2
What is the hundreds digit of 579?
5
What is the hundreds digit of 8693?
6
What is the hundreds digit of 592?
5
What is the units digit of 1123?
3
What is the hundreds digit of 24883?
8
What is the hundreds digit of 146?
1
What is the tens digit of 627?
2
What is the tens digit of 91746?
4
What is the units digit of 2692?
2
What is the units digit of 1317?
7
What is the tens digit of 8291?
9
What is the units digit of 177531?
1
What is the tens digit of 2342?
4
What is the tens digit of 50674?
7
What is the units digit of 678?
8
What is the units digit of 1189?
9
What is the hundreds digit of 15203?
2
What is the tens digit of 1204?
0
What is the hundreds digit of 792?
7
What is the units digit of 964?
4
What is the thousands digit of 2772?
2
What is the units digit of 628?
8
What is the hundreds digit of 66234?
2
What is the hundreds digit of 20368?
3
What is the ten thousands digit of 17418?
1
What is the thousands digit of 5020?
5
What is the tens digit of 1983?
8
What is the tens digit of 318?
1
What is the tens digit of 13122?
2
What is the units digit of 29?
9
What is the hundreds digit of 6398?
3
What is the tens digit of 2726?
2
What is the hundreds digit of 114664?
6
What is the thousands digit of 23121?
3
What is the tens digit of 41272?
7
What is the hundreds digit of 31901?
9
What is the units digit of 85644?
4
What is the units digit of 1044?
4
What is the hundreds digit of 88354?
3
What is the ten thousands digit of 17340?
1
What is the thousands digit of 8057?
8
What is the thousands digit of 11825?
1
What is the tens digit of 5576?
7
What is the ten thousands digit of 44051?
4
What is the thousands digit of 21890?
1
What is the hundreds digit of 18190?
1
What is the tens digit of 118217?
1
What is the hundreds digit of 138?
1
What is the thousands digit of 3140?
3
What is the thousands digit of 74494?
4
What is the tens digit of 160003?
0
What is the units digit of 1416?
6
What is the tens digit of 1461?
6
What is the thousands digit of 4350?
4
What is the hundreds digit of 6677?
6
What is the units digit of 1508?
8
What is the thousands digit of 3361?
3
What is the tens digit of 62?
6
What is the hundred thousands digit of 112456?
1
What is the thousands digit of 76369?
6
What is the units digit of 62834?
4
What is the units digit of 1743?
3
What is the tens digit of 23734?
3
What is the ten thousands digit of 42361?
4
What is the hundreds digit of 62327?
3
What is the tens digit of 5034?
3
What is the thousands digit of 13970?
3
What is the tens digit of 4710?
1
What is the tens digit of 197?
9
What is the units digit of 1416?
6
What is the units digit of 704?
4
What is the thousands digit of 40582?
0
What is the hundreds digit of 40009?
0
What is the ten thousands digit of 23616?
2
What is the units digit of 864?
4
What is the units digit of 1597?
7
What is the units digit of 934?
4
What is the hundreds digit of 94791?
7
What is the ten thousands digit of 103068?
0
What is the hundreds digit of 117?
1
What is the units digit of 5727?
7
What is the units digit of 24594?
4
What is the tens digit of 759?
5
What is the hundreds digit of 3347?
3
What is the units digit of 8590?
0
What is the tens digit of 2772?
7
What is the thousands digit of 10541?
0
What is the units digit of 8508?
8
What is the hundreds digit of 3055?
0
What is the tens digit of 927?
2
What is the thousands digit of 21267?
1
What is the tens digit of 77319?
1
What is the units digit of 1329?
9
What is the hundreds digit of 1220?
2
What is the thousands digit of 3387?
3
What is the hundreds digit of 2577?
5
What is the thousands digit of 7945?
7
What is the tens digit of 3591?
9
What is the tens digit of 129?
2
What is the hundreds digit of 208?
2
What is the units digit of 6651?
1
What is the units digit of 984?
4
What is the thousands digit of 167303?
7
What is the units digit of 71132?
2
What is the hundreds digit of 157?
1
What is the hundreds digit of 2097?
0
What is the tens digit of 14876?
7
What is the hundreds digit of 39795?
7
What is the units digit of 11653?
3
What is the hundreds digit of 885?
8
What is the units digit of 93361?
1
What is the hundreds digit of 31250?
2
What is the thousands digit of 5444?
5
What is the thousands digit of 17181?
7
What is the thousands digit of 6168?
6
What is the thousands digit of 3645?
3
What is the tens digit of 4337?
3
What is the tens digit of 661?
6
What is the thousands digit of 1187?
1
What is the hundreds digit of 583?
5
What is the units digit of 59713?
3
What is the hundred thousands digit of 110916?
1
What is the tens digit of 515?
1
What is the units digit of 77?
7
What is the tens digit of 44348?
4
What is the hundreds digit of 2701?
7
What is the units digit of 47188?
8
What is the units digit of 69789?
9
What is the units digit of 41?
1
What is the tens digit of 250?
5
What is the thousands digit of 30651?
0
What is the ten thousands digit of 117403?
1
What is the hundreds digit of 888?
8
What is the thousands digit of 27573?
7
What is the hundreds digit of 2371?
3
What is the hundreds digit of 6142?
1
What is the hundreds digit of 1912?
9
What is the ten thousands digit of 22790?
2
What is the thousands digit of 7144?
7
What is the tens digit of 21901?
0
What is the tens digit of 2783?
8
What is the tens digit of 1017?
1
What is the hundreds digit of 29988?
9
What is the ten thousands digit of 18862?
1
What is the units digit of 60530?
0
What is the units digit of 4284?
4
What is the units digit of 55697?
7
What is the tens digit of 25416?
1
What is the thousands digit of 25010?
5
What is the units digit of 151?
1
What is the hundreds digit of 595?
5
What is the hundreds digit of 111?
1
What is the hundreds digit of 8219?
2
What is the hundreds digit of 140109?
1
What is the units digit of 7577?
7
What is the thousands digit of 64362?
4
What is the thousands digit of 2118?
2
What is the ten thousands digit of 16187?
1
What is the tens digit of 22921?
2
What is the ten thousands digit of 95454?
9
What is the units digit of 503?
3
What is the units digit of 1774?
4
What is the hundreds digit of 566?
5
What is the units digit of 379?
9
What is the thousands digit of 96821?
6
What is the hundreds digit of 412?
4
What is the hundreds digit of 6945?
9
What is the units digit of 3092?
2
What is the thousands digit of 29892?
9
What is the units digit of 164?
4
What is the hundreds digit of 3257?
2
What is the units digit of 1088?
8
What is the tens digit of 28951?
5
What is the thousands digit of 2196?
2
What is the hundreds digit of 350?
3
What is the units digit of 490?
0
What is the units digit of 1080?
0
What is the units digit of 4084?
4
What is the units digit of 4953?
3
What is the tens digit of 14426?
2
What is the units digit of 60651?
1
What is t